{"id":347,"date":"2023-11-12T10:17:28","date_gmt":"2023-11-12T09:17:28","guid":{"rendered":"https:\/\/www.cabinet-lac-messancy.be\/?page_id=347"},"modified":"2023-11-12T10:17:30","modified_gmt":"2023-11-12T09:17:30","slug":"rendez-vous-en-ligne","status":"publish","type":"page","link":"https:\/\/www.cabinet-lac-messancy.be\/index.php\/rendez-vous-en-ligne\/","title":{"rendered":"Rendez-vous en ligne"},"content":{"rendered":"\n<p>Prenez rendez-vous en ligne en cliquant sur le bouton suivant . Si les cr\u00e9neaux ne vous conviennent pas, veuillez contacter par t\u00e9l\u00e9phone le cabinet (+32(0)63 42 21 18).<\/p>\n\n\n\n<div class=\"wp-block-buttons is-content-justification-center is-layout-flex wp-container-core-buttons-is-layout-16018d1d wp-block-buttons-is-layout-flex\">\n<div class=\"wp-block-button\"><a class=\"wp-block-button__link wp-element-button\" href=\"https:\/\/outlook.office365.com\/owa\/calendar\/Rendezvouscabinet@veterinairemessancy.be\/bookings\/\" target=\"_blank\" rel=\"noreferrer noopener\">Rendez-vous en ligne<\/a><\/div>\n<\/div>\n\n\n\n<pre class=\"wp-block-code\"><code>\n\n<\/code><\/pre>\n","protected":false},"excerpt":{"rendered":"<p>Prenez rendez-vous en ligne en cliquant sur le bouton suivant . Si les cr\u00e9neaux ne vous conviennent pas, veuillez contacter par t\u00e9l\u00e9phone le cabinet (+32(0)63 42 21 18).<\/p>\n","protected":false},"author":2,"featured_media":0,"parent":0,"menu_order":0,"comment_status":"closed","ping_status":"closed","template":"","meta":{"footnotes":""},"class_list":["post-347","page","type-page","status-publish","hentry"],"jetpack_sharing_enabled":true,"_links":{"self":[{"href":"https:\/\/www.cabinet-lac-messancy.be\/index.php\/wp-json\/wp\/v2\/pages\/347","targetHints":{"allow":["GET"]}}],"collection":[{"href":"https:\/\/www.cabinet-lac-messancy.be\/index.php\/wp-json\/wp\/v2\/pages"}],"about":[{"href":"https:\/\/www.cabinet-lac-messancy.be\/index.php\/wp-json\/wp\/v2\/types\/page"}],"author":[{"embeddable":true,"href":"https:\/\/www.cabinet-lac-messancy.be\/index.php\/wp-json\/wp\/v2\/users\/2"}],"replies":[{"embeddable":true,"href":"https:\/\/www.cabinet-lac-messancy.be\/index.php\/wp-json\/wp\/v2\/comments?post=347"}],"version-history":[{"count":6,"href":"https:\/\/www.cabinet-lac-messancy.be\/index.php\/wp-json\/wp\/v2\/pages\/347\/revisions"}],"predecessor-version":[{"id":356,"href":"https:\/\/www.cabinet-lac-messancy.be\/index.php\/wp-json\/wp\/v2\/pages\/347\/revisions\/356"}],"wp:attachment":[{"href":"https:\/\/www.cabinet-lac-messancy.be\/index.php\/wp-json\/wp\/v2\/media?parent=347"}],"curies":[{"name":"wp","href":"https:\/\/api.w.org\/{rel}","templated":true}]}}